{"id":54531,"date":"2021-11-24T18:35:10","date_gmt":"2021-11-24T18:35:10","guid":{"rendered":"https:\/\/the7.io\/brand-shop\/cart\/"},"modified":"2025-12-17T19:37:02","modified_gmt":"2025-12-17T18:37:02","slug":"carrito","status":"publish","type":"page","link":"https:\/\/almadeevacrochet.es\/index.php\/tienda\/carrito\/","title":{"rendered":"Carrito"},"content":{"rendered":"\t\t<div data-elementor-type=\"wp-page\" data-elementor-id=\"54531\" class=\"elementor elementor-54531\" data-elementor-post-type=\"page\">\n\t\t\t\t\t\t\t\t\t<section class=\"elementor-section elementor-top-section elementor-element elementor-element-287015f elementor-section-boxed elementor-section-height-default elementor-section-height-default\" data-id=\"287015f\" data-element_type=\"section\">\n\t\t\t\t\t\t<div class=\"elementor-container elementor-column-gap-wide\">\n\t\t\t\t\t<div class=\"elementor-column elementor-col-100 elementor-top-column elementor-element elementor-element-869143d\" data-id=\"869143d\" data-element_type=\"column\">\n\t\t\t<div class=\"elementor-widget-wrap elementor-element-populated\">\n\t\t\t\t\t\t\t\t\t<\/div>\n\t\t<\/div>\n\t\t\t\t\t\t\t<\/div>\n\t\t<\/section>\n\t\t<div class=\"elementor-element elementor-element-d857cdc elementor-hidden-tablet elementor-hidden-mobile e-flex e-con-boxed e-con e-parent\" data-id=\"d857cdc\" data-element_type=\"container\" data-settings=\"{&quot;content_width&quot;:&quot;boxed&quot;}\" data-core-v316-plus=\"true\">\n\t\t\t\t\t<div class=\"e-con-inner\">\n\t\t<div class=\"elementor-element elementor-element-4d32a3a e-con-full e-flex e-con e-child\" data-id=\"4d32a3a\" data-element_type=\"container\" data-settings=\"{&quot;content_width&quot;:&quot;full&quot;}\">\n\t\t\t\t<\/div>\n\t\t<div class=\"elementor-element elementor-element-62929be e-con-full e-flex e-con e-child\" data-id=\"62929be\" data-element_type=\"container\" data-settings=\"{&quot;content_width&quot;:&quot;full&quot;}\">\n\t\t\t\t<div class=\"elementor-element elementor-element-0e3b8a2 elementor-widget__width-initial elementor-widget elementor-widget-text-editor\" data-id=\"0e3b8a2\" data-element_type=\"widget\" data-widget_type=\"text-editor.default\">\n\t\t\t\t<div class=\"elementor-widget-container\">\n\t\t\t\t\t\t\t<p style=\"font-size: 18px;\">AVISO :<strong> La prenda<\/strong> se realiza a mano en base a la talla elegida y <strong>requiere m\u00ednimo de 10 &#8211; 15 d\u00edas para su elaboraci\u00f3n. <span style=\"text-decoration: underline;\">Deber\u00e1 tenerse en cuenta en el tiempo de env\u00edo<\/span>.\u00a0 \u00a0<\/strong><\/p>\t\t\t\t\t\t<\/div>\n\t\t\t\t<\/div>\n\t\t\t\t<\/div>\n\t\t\t\t\t<\/div>\n\t\t\t\t<\/div>\n\t\t<div class=\"elementor-element elementor-element-6d6cd6a elementor-hidden-desktop e-flex e-con-boxed e-con e-parent\" data-id=\"6d6cd6a\" data-element_type=\"container\" data-settings=\"{&quot;content_width&quot;:&quot;boxed&quot;}\" data-core-v316-plus=\"true\">\n\t\t\t\t\t<div class=\"e-con-inner\">\n\t\t\t\t<div class=\"elementor-element elementor-element-dad2994 elementor-widget__width-initial elementor-widget elementor-widget-text-editor\" data-id=\"dad2994\" data-element_type=\"widget\" data-widget_type=\"text-editor.default\">\n\t\t\t\t<div class=\"elementor-widget-container\">\n\t\t\t\t\t\t\t<p style=\"font-size: 18px;\">AVISO :<strong> La prenda<\/strong> se realiza a mano en base a la talla elegida y <strong>requiere m\u00ednimo de 10 &#8211; 15 d\u00edas para su elaboraci\u00f3n. <span style=\"text-decoration: underline;\">Deber\u00e1 tenerse en cuenta en el tiempo de env\u00edo<\/span>.\u00a0 \u00a0<\/strong><\/p>\t\t\t\t\t\t<\/div>\n\t\t\t\t<\/div>\n\t\t\t\t\t<\/div>\n\t\t\t\t<\/div>\n\t\t\t\t\t\t\t<\/div>\n\t\t","protected":false},"excerpt":{"rendered":"<p>AVISO : La prenda se realiza a mano en base a la talla elegida y requiere m\u00ednimo de 10 &#8211; 15 d\u00edas para su elaboraci\u00f3n. Deber\u00e1 tenerse en cuenta en el tiempo de env\u00edo.\u00a0 \u00a0 AVISO : La prenda se realiza a mano en base a la talla elegida y requiere m\u00ednimo de 10 &#8211;&hellip;<\/p>\n","protected":false},"author":1,"featured_media":0,"parent":54530,"menu_order":200,"comment_status":"closed","ping_status":"closed","template":"","meta":{"footnotes":""},"_links":{"self":[{"href":"https:\/\/almadeevacrochet.es\/index.php\/wp-json\/wp\/v2\/pages\/54531"}],"collection":[{"href":"https:\/\/almadeevacrochet.es\/index.php\/wp-json\/wp\/v2\/pages"}],"about":[{"href":"https:\/\/almadeevacrochet.es\/index.php\/wp-json\/wp\/v2\/types\/page"}],"author":[{"embeddable":true,"href":"https:\/\/almadeevacrochet.es\/index.php\/wp-json\/wp\/v2\/users\/1"}],"replies":[{"embeddable":true,"href":"https:\/\/almadeevacrochet.es\/index.php\/wp-json\/wp\/v2\/comments?post=54531"}],"version-history":[{"count":28,"href":"https:\/\/almadeevacrochet.es\/index.php\/wp-json\/wp\/v2\/pages\/54531\/revisions"}],"predecessor-version":[{"id":57212,"href":"https:\/\/almadeevacrochet.es\/index.php\/wp-json\/wp\/v2\/pages\/54531\/revisions\/57212"}],"up":[{"embeddable":true,"href":"https:\/\/almadeevacrochet.es\/index.php\/wp-json\/wp\/v2\/pages\/54530"}],"wp:attachment":[{"href":"https:\/\/almadeevacrochet.es\/index.php\/wp-json\/wp\/v2\/media?parent=54531"}],"curies":[{"name":"wp","href":"https:\/\/api.w.org\/{rel}","templated":true}]}}